{"id":5879,"date":"2026-02-16T02:14:56","date_gmt":"2026-02-16T02:14:56","guid":{"rendered":"https:\/\/tecnocerto.com.br\/?page_id=5879"},"modified":"2026-02-16T02:14:59","modified_gmt":"2026-02-16T02:14:59","slug":"termos-de-uso","status":"publish","type":"page","link":"https:\/\/tecnocerto.com.br\/?page_id=5879","title":{"rendered":"Termos de Uso"},"content":{"rendered":"\n<p>Ao acessar o <strong>TecnoCerto<\/strong>, voc\u00ea concorda em cumprir estes termos de servi\u00e7o, todas as leis e regulamentos aplic\u00e1veis.<\/p>\n\n\n\n<ol start=\"1\" class=\"wp-block-list\">\n<li><strong>Natureza do Conte\u00fado:<\/strong> O conte\u00fado disponibilizado \u00e9 para fins informativos. Embora busquemos a m\u00e1xima precis\u00e3o, n\u00e3o garantimos que as descri\u00e7\u00f5es de produtos ou pre\u00e7os estejam isentos de erros, visto que s\u00e3o atualizados dinamicamente pelos lojistas parceiros.<\/li>\n\n\n\n<li><strong>Propriedade Intelectual:<\/strong> Todo o design (incluindo nossa logo e identidade visual), textos e an\u00e1lises s\u00e3o de propriedade exclusiva do <strong>TecnoCerto<\/strong>. A reprodu\u00e7\u00e3o n\u00e3o autorizada \u00e9 proibida.<\/li>\n\n\n\n<li><strong>Responsabilidade de Compra:<\/strong> O <strong>TecnoCerto<\/strong> atua como um facilitador de informa\u00e7\u00f5es e vitrine de afiliados. A transa\u00e7\u00e3o comercial, pagamento e entrega s\u00e3o de responsabilidade total da loja de destino (Amazon ou Mercado Livre).<\/li>\n<\/ol>\n\n\n\n<p><\/p>\n","protected":false},"excerpt":{"rendered":"<p>Ao acessar o TecnoCerto, voc\u00ea concorda em cumprir estes termos de servi\u00e7o, todas as leis e regulamentos aplic\u00e1veis.<\/p>\n","protected":false},"author":1,"featured_media":0,"parent":0,"menu_order":0,"comment_status":"closed","ping_status":"closed","template":"","meta":{"_breakdance_hide_in_design_set":false,"_breakdance_tags":"","footnotes":""},"class_list":["post-5879","page","type-page","status-publish","hentry"],"_hostinger_reach_plugin_has_subscription_block":false,"_hostinger_reach_plugin_is_elementor":false,"_links":{"self":[{"href":"https:\/\/tecnocerto.com.br\/index.php?rest_route=\/wp\/v2\/pages\/5879","targetHints":{"allow":["GET"]}}],"collection":[{"href":"https:\/\/tecnocerto.com.br\/index.php?rest_route=\/wp\/v2\/pages"}],"about":[{"href":"https:\/\/tecnocerto.com.br\/index.php?rest_route=\/wp\/v2\/types\/page"}],"author":[{"embeddable":true,"href":"https:\/\/tecnocerto.com.br\/index.php?rest_route=\/wp\/v2\/users\/1"}],"replies":[{"embeddable":true,"href":"https:\/\/tecnocerto.com.br\/index.php?rest_route=%2Fwp%2Fv2%2Fcomments&post=5879"}],"version-history":[{"count":0,"href":"https:\/\/tecnocerto.com.br\/index.php?rest_route=\/wp\/v2\/pages\/5879\/revisions"}],"wp:attachment":[{"href":"https:\/\/tecnocerto.com.br\/index.php?rest_route=%2Fwp%2Fv2%2Fmedia&parent=5879"}],"curies":[{"name":"wp","href":"https:\/\/api.w.org\/{rel}","templated":true}]}}